 a(-8)?
-2
Let t(k) = k**2 + 5*k - 7. Determine t(-3).
-13
Let s(m) = -m**2 + m - 6. Calculate s(0).
-6
Let r(m) = 58*m**2 - 7*m - 1. Give r(-1).
64
Let o(n) = -n**2 - 122*n + 640. Determine o(5).
5
Let f(t) = -2*t - 12. Calculate f(6).
-24
Let q(g) = -g**3 + 7*g**2 + 3*g - 8. Give q(8).
-48
Let i(d) = -d**3 + 5*d**2 - 6*d + 7. Determine i(5).
-23
Let x(y) = -y**3 - 6*y**2 + 2*y + 6. Calculate x(-7).
41
Let c(a) = -a + 11. Give c(-8).
19
Let q(x) = x**3 - 4*x**2 + 2*x - 8. Determine q(4).
0
Let x(c) = -c**2 + 3*c - 8. Give x(2).
-6
Let x(q) = -19*q - 70. Calculate x(-4).
6
Let k(s) = -s**3 - 2*s**2 + 2*s - 7. Calculate k(3).
-46
Let u(c) = -c**3 + 3*c**2 + 22*c - 18. Calculate u(8).
-162
Let s(z) = z**2 - 21*z - 46. Calculate s(22).
-24
Let d(g) = 5*g + 9. Determine d(6).
39
Let r(h) = -2*h**3 - 12*h**2 + 15*h + 16. Give r(-7).
9
Let v(i) = i**3 + 12*i**2 - 11*i + 13. Determine v(-13).
-13
Let p(q) = -q**3 - q**2 - 2*q - 10. Give p(0).
-10
Let o(c) = -c**2 - 18*c + 32. What is o(-20)?
-8
Let p(z) = -10*z**2 + 24*z + 1. Calculate p(2).
9
Let i(y) = -y**2 + 11*y + 7. Give i(12).
-5
Let i(f) = -2*f**3 + 4*f**2 - 2*f - 2. Determine i(2).
-6
Let o(f) = 2*f + 1. Give o(-9).
-17
Let r(q) = 3*q + 67. Determine r(-16).
19
Let p(d) = d**2 - 5*d - 2. Determine p(6).
4
Let j(s) = -s**2 - 13*s - 25. Determine j(-11).
-3
Let n(o) = -56*o + 2. Determine n(1).
-54
Let f(x) = 25*x + 11. Calculate f(2).
61
Let d(q) = -6*q**2 + 8*q + 2. Calculate d(3).
-28
Let o(k) = -49*k + 65. Give o(3).
-82
Let t(a) = a**2 + 3*a + 3. Calculate t(-4).
7
Let w(z) = -9*z - 42. Calculate w(-5).
3
Let m(s) = -3*s**2 + 15*s - 14. What is m(4)?
-2
Let q(d) = -d**3. Determine q(0).
0
Let i(u) = -3*u - 2. Determine i(2).
-8
Let j(y) = -12*y - 2. Calculate j(1).
-14
Let q(r) = -r**2 - 19*r - 21. Calculate q(-18).
-3
Let q(y) = -11*y - 3. Determine q(0).
-3
Let r(n) = -2*n - 16. Give r(-10).
4
Let m(t) = t**3 + 4*t**2 - 5. What is m(-4)?
-5
Let w(n) = 129*n**2 + 2. Give w(1).
131
Let p(v) = -2*v**2 + v - 10. What is p(3)?
-25
Let x(s) = -17*s + 78. Determine x(5).
-7
Let q(g) = 2*g**3 + 3*g**2 - 7*g - 1. Give q(3).
59
Let k(v) = v + 2. What is k(-4)?
-2
Let h(s) = -s**3 - 10*s**2 - 12*s + 12. Give h(-9).
39
Let n(k) = -7*k + 78. Calculate n(12).
-6
Let a(i) = -i**2 + 6*i - 8. Give a(6).
-8
Let s(p) = -p**3 + 11*p**2 - 8*p - 3. Give s(11).
-91
Let t(h) = -h**3 - 26*h**2 + 55*h - 33. What is t(-28)?
-5
Let v(x) = -22*x - 3. Determine v(-1).
19
Let v(i) = i**3 - 12*i**2 + 10*i + 10. Determine v(11).
-1
Let y(j) = -j**3 - 5*j**2 - 6*j - 16. Determine y(-5).
14
Let k(g) = g**3 - 16*g**2 + 17*g - 20. Determine k(15).
10
Let z(i) = -2*i**2 - 8*i + 2. What is z(-4)?
2
Let f(g) = g**2 - 8*g - 3. What is f(7)?
-10
Let b(d) = -d**2 + 13*d - 5. Determine b(13).
-5
Let c(g) = g**2 + 13*g - 31. What is c(-15)?
-1
Let x(a) = a - 2. Determine x(-4).
-6
Let j(o) = 2*o - 4. Calculate j(6).
8
Let k(u) = -u**3 - 9*u**2 - 9*u - 16. Give k(-8).
-8
Let q(b) = -2*b + 5. Give q(1).
3
Let j(q) = -7*q + 28. Calculate j(9).
-35
Let t(d) = -2*d**2 - 42*d + 14. Calculate t(-23).
-78
Let r(m) = -m**3 + 15*m**2 - 30*m + 41. What is r(13)?
-11
Let i(b) = -b**2 + b - 70. Calculate i(0).
-70
Let f(r) = -2*r - 48. What is f(-20)?
-8
Let k(o) = 5*o**2 + 19*o. Give k(-4).
4
Let r(d) = 2*d**2 - 19*d - 29. Determine r(11).
4
Let m(n) = -n**3 - 7*n**2 + 2*n - 2. Give m(-7).
-16
Let z(l) = -l**3 + 13*l**2 + 9*l - 7. Determine z(13).
110
Let j(i) = 8*i**2 + 4*i - 13. Determine j(2).
27
Let n(l) = 2*l**2 + 3*l - 10. What is n(-6)?
44
Let q(j) = -4*j**2 - 11*j + 10. Give q(1).
-5
Let n(g) = -2*g**2 - 13*g + 8. Determine n(-8).
-16
Let w(o) = 12*o - 12. Calculate w(0).
-12
Let t(w) = w**2 + 28*w + 55. What is t(-25)?
-20
Let l(b) = -2*b + 23. Give l(12).
-1
Let m(s) = -4*s**3 - 4*s**2 + 5*s + 1. What is m(-4)?
173
Let u(p) = -8*p + 3. Give u(2).
-13
Let i(y) = y - 7. Calculate i(-8).
-15
Let f(l) = 2*l**3 + 4*l**2 + 13. Give f(-3).
-5
Let u(n) = -2*n + 2. Give u(1).
0
Let r(d) = -d**3 - 23*d**2 - 23*d - 24. Determine r(-22).
-2
Let y(a) = 2*a**2 - 5*a - 1. Give y(4).
11
Let y(v) = -19*v**2. What is y(1)?
-19
Let a(h) = 35*h**3 - 2*h - 1. Calculate a(-1).
-34
Let d(x) = -8*x**3 + 56*x**2 + 3*x - 7. Give d(7).
14
Let q(a) = -a**2 - 17*a + 70. Give q(-18).
52
Let s(c) = -c**3 - 16*c**2 - 2*c - 29. Calculate s(-16).
3
Let m(c) = -c**3 - 8*c**2 + 16*c + 72. Determine m(-9).
9
Let t(g) = -g**3 + 11*g**2 - 21*g + 30. What is t(9)?
3
Let s(z) = 2*z**2 + 16*z - 1. Determine s(-8).
-1
Let q(z) = z**3 - 15*z**2 + 27*z - 3. Determine q(13).
10
Let u(w) = -w**2 + w - 1. What is u(-3)?
-13
Let n(d) = -d**3 + 14*d**2 - 13*d - 11. Give n(13).
-11
Let i(c) = 6*c**3 + c**2 + c + 1. Calculate i(-1).
-5
Let q(d) = 3*d**2 - 11*d - 3. What is q(4)?
1
Let b(j) = -2*j**3 + 3*j**2 + 9*j + 1. Give b(4).
-43
Let o(m) = -9*m**2 - 11*m + 10. What is o(1)?
-10
Let h(i) = -8*i - 86. Give h(-12).
10
Let q(o) = 5*o - 31. What is q(13)?
34
Let f(j) = -j**2 + 2. What is f(-1)?
1
Let o(v) = v**2 - 8*v - 20. What is o(11)?
13
Let b(u) = -3*u - 40. Calculate b(-15).
5
Let v(m) = 39*m - 172. Determine v(5).
23
Let s(n) = n**3 + 6*n**2 + 3*n - 3. What is s(-5)?
7
Let c(z) = -z**2 + 15*z + 42. What is c(18)?
-12
Let w(r) = -8*r**2 + r + 2. Calculate w(2).
-28
Let x(p) = -80*p**3 + 3*p**2 + p. Determine x(-1).
82
Let l(x) = 2*x + 3. Give l(2).
7
Let j(g) = -g - 7. Calculate j(-28).
21
Let w(v) = v - 1. Calculate w(9).
8
Let z(b) = 3*b - 4. Give z(6).
14
Let r(u) = -u**2 + 13*u - 16. Determine r(12).
-4
Let n(a) = 3*a - 6. Calculate n(2).
0
Let o(g) = -2*g**2 + 18*g - 22. Give o(8).
-6
Let h(y) = -y**2 + 12*y - 20. Calculate h(10).
0
Let p(u) = -u**3 - 22*u**2 - 73*u + 18. Determine p(-18).
36
Let b(r) = r**2 - 8*r + 6. What is b(5)?
-9
Let y(v) = v**2 + 14*v + 17. Give y(-12).
-7
Let b(z) = -31*z - 112. Determine b(-3).
-19
Let x(w) = 3*w + 1. Determine x(1).
4
Let r(m) = -m**3 - 8*m**2 + 8*m - 11. Calculate r(-9).
-2
Let g(z) = -3*z**2 + 11*z + 3. Calculate g(5).
-17
Let d(n) = -n**3 + 34*n**2 + 69*n + 109. What is d(36)?
1
Let p(t) = -15*t - 9. Calculate p(-3).
36
Let q(h) = -h**2 + 22*h + 34. Determine q(23).
11
Let h(r) = -r**3 + r**2 + 4*r - 3. Determine h(4).
-35
Let c(p) = -2*p**2 + 6*p + 17. Calculate c(8).
-63
Let p(r) = -98*r**3 + 2*r**2 - r - 1. Give p(-1).
100
Let h(y) = y**3 + 10*y**2 - 25*y - 13. Determine h(-12).
-1
Let c(h) = 10*h - 61. What is c(6)?
-1
Let c(o) = 2*o**3 - 23*o**2 + 11*o - 1. Calculate c(11).
-1
Let i(c) = -3*c**3 - 2*c**2 + 3. Give i(-3).
66
Let p(g) = 2*g**2 - 9*g - 7. Determine p(8).
49
Let m(l) = 63*l**2. What is m(-1)?
63
Let y(b) = 9*b**2 + 4*b - 2. Give y(1).
11
Let w(u) = -u**2 - u + 11. What is w(0)?
11
Let s(l) = -l + 10. Give s(18).
-8
Let h(s) = s**3 + 33*s**2 + 27*s - 117. What is h(-32)?
43
Let v(n) = -n + 10. Determine v(2).
8
Let c(o) = -2*o**2 - 13*o + 75. What is c(-10)?
5
Let d(n) = -6*n + 50. What is d(9)?
-4
Let w(u) = -12*u + 36. Give w(3).
0
Let c(s) = 2*s**2 + 33*s - 39. Determine c(-15).
-84
Let v(z) = z**3 + 7*z**2 - 20*z + 8. Calculate v(-9).
26
Let y(n) = n**2 + 3*n. Calculate y(-1).
-2
Let m(r) = -r - 5. Give m(10).
-15
Let w(i) = -i - 8. What is w(-12)?
4
Let v(g) = g**2 - 8*g - 32. Give v(11).
1
Let l(j) = j**3 + 9*j**2 + 7*j - 6. Give l(-8).
2
Let w(o) = 2*o**3 - 4*o**2 + 6*o - 5. Calculate w(2).
7
Let t(u) = -5*u**2 + 17*u - 8. Give t(3).
-2
Let a(k) = k**2 + 30*k + 222. Give a(-13).
1
Let d(c) = 64*c - 760. Calculate d(12).
8
Let n(b) = b + 22. Give n(-23).
-1
Let h(l) = 14*l + 2. Determine h(-4).
-54
Let c(o) = o**2 + 3*o + 3. What is c(-3)?
3
Let n(m) = m**3 - 15*m**2 + 53*m + 8. Determine n(9).
-1
Let t(a) = a**3 + 9*a**2 + 12*a + 29. What is t(-8)?
-3
Let g(t) = -t**3 - 48*t**2 - 66*t - 885. Determine g(-47).
8
Let s(g) = g - 5. Give s(-6).
-11
Let m(w) = -3*w**2 - 2*w + 1. Give m(2).
-15
Let y(k) = 3*k**2 + 47*k + 79. Give y(-14).
9
Let d(o) = 13*o + 101. Determine d(-8).
-3
Let t(s) = 19*s - 128. Calculate t(7).
5
Let w(r) = r**2 - 3*r + 3. Give w(3).
3
Let h(l) = 2*l**2 + 3*l + 3. Calculate h(-2).
5
Let d(a) = -a**3 - a**2 + 14*a - 4. What is d(3)?
2
Let s(l) = -l**3 + 6*l**2 - 5*l + 7. Give s(5).
7
Let x(c) = -2*c + 50. Determine x(23).
4
Let n(s) = s**2 + 18*s + 10. What is n(-18)?
10
Let m(n)